(4)?
False
Suppose -b - 159 = 2*y + 318, -y = 5*b + 216. Does 26 divide (1 + y)/((-15)/10)?
False
Suppose -52*t + 8960 = 2*l - 51*t, 4*t - 8 = 0. Is 8 a factor of l?
False
Let k = -8918 + 13399. Is k a multiple of 8?
False
Suppose 0 - 81 = 3*q + 5*l, -3*q = -2*l + 60. Let y = -78 - q. Let r = 151 + y. Is r a multiple of 30?
False
Let j(l) = 74*l + 1220. Is j(26) a multiple of 87?
False
Let k(l) = 173*l**2 + 49*l + 14. Is 14 a factor of k(-14)?
True
Let s = -4268 + 6990. Does 78 divide s?
False
Is 85 a factor of 1 + 0 + -151 + 141 + 1 + 18791?
False
Does 5 divide (6/(-51 + 9))/(4/(-14))*7474?
False
Let h(k) = -3*k - 29. Let z be h(-9). Is 7*z/(-4)*(-1992)/(-42) a multiple of 23?
False
Does 49 divide (-18)/(-198) + (2104000/55)/5?
False
Suppose 18857 + 10300 = 39*h - 873. Does 66 divide h?
False
Suppose -7*t + 2*t + 20 = 0. Suppose 0 = -t*x + 9*x - 15. Let y = 159 + x. Is 54 a factor of y?
True
Suppose 229577 = 43*z + 204*z + 34*z. Is 11 a factor of z?
False
Suppose -k = -i + 963, -1917 = 5*k - 2*i + 2907. Let s = k + 1290. Is 18 a factor of s?
True
Suppose -k + 3*j + 65 = -0*k, -4*k + 260 = -j. Let x(v) = 2 + k*v + 4*v - 3*v + 5*v. Is 24 a factor of x(2)?
True
Let s = 436 + -116. Is s a multiple of 6?
False
Let g be (-6)/4*-394 - 5. Let n = g + -240. Does 12 divide n?
False
Let d = 4993 + -1593. Suppose 17*c = 37*c - d. Does 17 divide c?
True
Suppose 0*x = 5*x - 20. Suppose -482 = 28*l - 650. Suppose 5*i - 7*u = -l*u + 650, -x*i = 5*u - 520. Is 26 a factor of i?
True
Suppose 6*b - 3 = 3. Let i be 2/(-4 + (b - -4)). Suppose 0 = i*w - d - 21 - 20, w - 21 = d. Is w a multiple of 5?
True
Is 4 a factor of (2*4/8 - 15573/(-58))*8?
True
Is ((-1)/13)/((-141)/4386369) a multiple of 16?
False
Let p(j) = -j**2 + 15*j + 22. Let h be p(16). Suppose h*f + f = 231. Is f a multiple of 16?
False
Let p(f) = -310*f + 13 + f**2 + 0*f**2 + 318*f. Let o be p(-5). Is 1*o - (8 - 5 - 144) a multiple of 13?
False
Suppose 3*m + 16 = -x, x - 6 = 5*m + 10. Does 3 divide x/12 + (-19)/(-3)?
True
Suppose -3*f - 91 = -t, -5*t = 5*f - 10*t + 135. Is 6 a factor of (f/(-10))/(20/150)?
True
Suppose -3*f - 179 = -2*k, -3*f - 5*k = 136 + 36. Let c = f + 179. Is c a multiple of 10?
True
Let a(r) = -4*r**3 + 17*r**2 - 7*r + 12. Let i be a(5). Let p = i - -407. Does 33 divide p?
False
Let v = -296 - -530. Suppose -2*f - q = 2*q - 234, 0 = 2*f + q - v. Is f a multiple of 9?
True
Suppose 9*k - 2*m = 7*k - 242, 5*k + 611 = 3*m. Let x = k + 191. Does 58 divide x?
False
Suppose -2*y + 214612 = 5*n, -43*y + 47*y - 214604 = -5*n. Is 21 a factor of n?
True
Let s be -23 - (2 + (0 - 4)). Let g(d) = d**2 - 21*d + 12. Let k(f) = f**2 - f + 1. Let o(z) = -g(z) + 2*k(z). Is 4 a factor of o(s)?
True
Does 10 divide (39024/1355)/(2/150)?
True
Let x(a) = 2*a**2 - 7*a + 2. Let p be x(4). Is -9*p/15*-20 a multiple of 8?
True
Let o(p) = -4852*p + 316. Is o(-1) a multiple of 34?
True
Is (267 + -266)/(1/2911) a multiple of 71?
True
Suppose -4*q = -5*u + 8370, -59*u + 54*u - q + 8395 = 0. Is (-1)/((-51)/(-34) - 2519/u) a multiple of 16?
False
Let c(w) = 2*w**3 - 7*w**2 - w - 12. Let m be c(4). Suppose 3*i + 5*o - 347 = m, 6*o + 115 = i + 8*o. Is i a multiple of 7?
True
Let x(o) = 28*o + 38. Let m be x(10). Let v = m + -194. Suppose 6*f - v = 5*f. Is 19 a factor of f?
False
Let c be 9 - 9 - (1 + 5). Let j(x) = -x**3 + 17*x**2 - 11*x - 23. Does 43 divide j(c)?
False
Let w(q) = 2*q**2 + 13*q + 20. Let p be w(-5). Suppose 4*y + 140 = -18*o + 20*o, -p*y = -20. Is 4 a factor of o?
False
Let v be -15*((-1600)/15)/(-8). Let d = 715 + v. Is d a multiple of 36?
False
Let w = 20 - 16. Let g be (-4)/(-8)*(16 - -34). Suppose 2*u - 10 = -2*h, w*h = -10*u + 5*u + g. Does 5 divide u?
True
Suppose 5*i - 21 = 2*i. Let w = 524 - 314. Is 9 a factor of 9*(w/49 + (-2)/i)?
True
Let i = -29 - -32. Suppose 4*p - i*p = -4*p. Suppose p = 13*b - 9*b - 672. Is 43 a factor of b?
False
Let a = -39 + 45. Let b(q) = -6*q**2 - 29*q + 7. Let t(s) = 7*s**2 + 29*s - 8. Let n(m) = a*b(m) + 5*t(m). Is n(-13) a multiple of 42?
True
Suppose -a = 5*d + 20, -2*d = -5*a + 3*d - 250. Let r = -20 - a. Is 13 a factor of (-258)/(-5) - ((-20)/r)/2?
True
Let x be (-48)/(-160) - 237/(-10). Suppose x*u - 60 = 12*u. Does 5 divide u?
True
Suppose -3*x - 5*g + 5 = -7*g, 5*x - 5*g = 0. Is (x - (-255)/(-50)) + (-7863)/(-30) a multiple of 11?
False
Let w(o) = 2*o + 10. Let v(m) = m - 1. Let y be v(-4). Let n be w(y). Is 2/(-6)*-183 + (n - 1) a multiple of 9?
False
Suppose 1659 + 45050 + 219223 = 36*x. Does 95 divide x?
False
Let h = -13937 + 25223. Is 22 a factor of h?
True
Suppose 4*n + 3*c = 25598, 56*n - 31992 = 51*n - c. Does 14 divide n?
True
Let r be (-9)/(-5) - (-2)/10. Let w be (40/(-15))/(r/(-9)*3). Does 6 divide (w/3)/(1 - (-104)/(-108))?
True
Let h be (55/44)/((-2)/(-8)). Suppose -h*i - 12 = -9*i. Is (-174)/(-9)*i - 2 a multiple of 14?
True
Let g = 83 - 73. Let v be ((-8)/10*-2)/(4/g). Is ((-13)/(78/(-4)))/(v/378) a multiple of 11?
False
Let w(o) = -o**2 - 262*o - 554. Does 12 divide w(-69)?
False
Let n = 2142 + -1339. Suppose -6*o - n = -17*o. Does 16 divide o?
False
Let l(s) = s**3 - 16*s**2 - 9*s - 28. Let i be l(13). Let x = i - -1108. Is x a multiple of 24?
True
Suppose 62*o - 38825 = 7117. Does 13 divide o?
True
Suppose 0 = 2*a + 3*y + 114, 0 = -4*a + 3*y - 50 - 214. Is 53 a factor of 9/(a/(-14)) + (360 - 1)?
False
Let a = -34619 + 49035. Is 16 a factor of a?
True
Let t(s) = -s**2 + 16*s - 11. Let n be t(13). Let f = n - -54. Suppose 2*d - 18 - f = 0. Is 7 a factor of d?
False
Let h(g) be the second derivative of g**3/3 - 12*g**2 - 3*g - 27. Is h(22) a multiple of 20?
True
Suppose 718*a - 8078 = 716*a. Is 26 a factor of a?
False
Suppose -2*q + 51 = -11*m + 8*m, -4*q + 152 = 4*m. Is ((-385)/q)/((-1)/6) a multiple of 7?
True
Suppose 136*j = -8103 + 630711. Is 51 a factor of j?
False
Let d(h) = h**2 - 37*h - 717. Is 17 a factor of d(-59)?
True
Let a(f) = -f + 2. Let t be a(6). Let z(w) = -2*w**3 - 3*w**2 + 7*w + 1. Is z(t) a multiple of 28?
False
Let c = 96532 - 66457. Does 25 divide c?
True
Let b(k) be the first derivative of 5*k**2 - 16*k - 18. Let p(t) = t. Let l(s) = -b(s) + 4*p(s). Does 16 divide l(-8)?
True
Let d(h) = 37*h**3 + 2*h**2 - 5*h. Let u(b) = -73*b**3 - 5*b**2 + 11*b + 1. Let t(g) = 5*d(g) + 2*u(g). Let l be t(1). Let x = l + -35. Is 3 a factor of x?
True
Is 33 a factor of -7 - ((-42)/(-14) - 30997)?
True
Let n = -52 + 81. Suppose -4*m + u + n = 0, -4*m + 14 = 4*u - 10. Suppose -m*t + 3037 - 1189 = 0. Does 24 divide t?
True
Suppose 150*w - 351715 - 48921 = 781664. Is w a multiple of 14?
True
Let d = 58 - 14. Let g be (((-2)/(-4))/(-1))/((-1)/d). Suppose 6*y + 208 = g*y. Does 2 divide y?
False
Let p be (2/(-6))/(1/(-213)). Suppose -3*z + 5*t = 106, -5*z + 5*t = 267 - 97. Let f = p - z. Is f a multiple of 15?
False
Suppose -8*w + 15*w + 5*w - 72540 = 0. Does 39 divide w?
True
Suppose -3*a + 9*b = 11*b - 1775, -4*b = -4*a + 2400. Is 3 a factor of a?
False
Let z(k) be the first derivative of 9*k**2 - 21*k - 115. Suppose -3*u + 4*u = 8. Is z(u) a multiple of 49?
False
Let u(i) = -7*i**3 + 20*i**2 + 7*i - 13. Let z(b) = -4*b**3 + 10*b**2 + 4*b - 7. Let w(l) = 3*u(l) - 5*z(l). Let d be w(10). Is 76/12*(d - 0) a multiple of 38?
True
Let b be (-112)/(-21)*9/(-2). Does 16 divide (-9)/b + (-3)/(48/(-2762))?
False
Let k = 11641 + -7699. Is 9 a factor of k?
True
Let m be 15/25*15*(-10)/(-45). Suppose -4*j + m*w = -1934, 5*j - 1327 - 1095 = w. Does 11 divide j?
False
Let x(w) = -w**3 - 7*w**2 + 17*w - 7. Let d be x(-9). Let z(o) = -16*o**d + 6*o - 8*o + o**3 - 4*o + 24 - 11*o. Is z(17) a multiple of 18?
False
Suppose -10*p + 26*p - 80384 = 0. Is 18 a factor of p?
False
Let c = 18 + -15. Let g = 78 - 73. Suppose h - 46 = -5*u, -c*h - g*u + 73 = -3*u. Is 13 a factor of h?
False
Let h(x) = -18*x**3 - 6*x**2 + 12 - 13*x - 17 + 2*x**2. Does 44 divide h(-2)?
False
Suppose -7*t = -13*t. Suppose 19*o - 5357 - 1521 = t. Does 9 divide o?
False
Let g(w) = 1090*w - 2418. Is 205 a factor of g(26)?
False
Suppose -y = -3*i + 253 + 13, -4*i + 5*y + 373 = 0. Let s = 472 + -321. Let m = s - i. Does 13 divide m?
False
Suppose 3*v + 6*l - 8*l = 1209, -4*v - l + 1612 = 0. Let u be -1*(248 - 1)*1. Let n = v + u. Is 48 a factor of n?
False
Let f be (-26)/(-13) - 1589*